is divided by (-20)/(7 - 148/20)?
48
Let x be (-1395)/75 - -1*(-2)/5. Let t = x + 11. Calculate the remainder when (-3)/t + 826/16 is divided by 14.
10
Suppose -50*u + 4611 - 1911 = 0. What is the remainder when 1339 is divided by u?
43
Calculate the remainder when 181 is divided by 35*((-54)/30)/3*-8.
13
Suppose n - 16 = -n + 4*j, -2*n = -5*j - 16. What is the remainder when 918 is divided by 118/15 - n/(-60)?
6
Let w = 10742 - 10627. What is the remainder when w is divided by 58?
57
Suppose 311*j - 897 = 298*j. What is the remainder when 491 is divided by j?
8
Suppose -2 = -2*i + i + 2*z, -i = 4*z - 8. Suppose -2*x - 92 = -2*f, 0 = -i*f + 2*f + 3*x + 96. What is the remainder when f is divided by 28?
14
Suppose 10*m = 15 + 45. Suppose -4*q + 6*q - 26 = 0. What is the remainder when ((-300)/m)/(-1 - 0) is divided by q?
11
Suppose -140*r + 22990 = -19*r. Calculate the remainder when r is divided by 56.
22
Suppose 0 = a + 3*a - 340. Suppose -835*o + 879*o = 1012. Calculate the remainder when a is divided by o.
16
Suppose 62 - 14 = 3*a. Suppose -12*f = -2642 + 938. Calculate the remainder when f is divided by a.
14
Suppose 0 = -5*l - x + 107, -l + 4*x + 78 = 2*l. Let j = -12790 - -12908. Calculate the remainder when j is divided by l.
8
Let u be (2770/(-25))/((14/10)/(-7)). Suppose 26*r - 122 = u. What is the remainder when 48 is divided by r?
22
Suppose 19*w - 36 = 7*w. Calculate the remainder when 461 is divided by (1/w)/(2*(-4)/(-792)).
32
Calculate the remainder when 1539 is divided by (194/3 + -1 - 522/783) + -8.
54
Let y(f) = f**3 - 11*f**2 + f - 9. Let p be y(11). Let x(t) = 5 - 9 + t**p + 6*t + 0*t**2 - 8. What is the remainder when x(-9) is divided by 8?
7
Let w(s) = s**3 - 23*s**2 + 25*s + 138. Calculate the remainder when w(22) is divided by 30.
24
Let c(k) = -3*k + 9. Let j be c(-5). Let a = -25 + j. Calculate the remainder when (a + 4)/(9/(-9)) - -18 is divided by 10.
5
Let f(o) = 3*o**3 - 17*o**2 + 23*o - 49. Let t(x) = -x**3 + x - 2. Let h(j) = f(j) + 2*t(j). Calculate the remainder when h(16) is divided by 63.
28
Let x = 317 - 321. Calculate the remainder when 83 is divided by (-7 + (-63)/18)*(x + 2).
20
Let c(r) = 26*r - 31. Let q(g) = 2*g**3 + 24*g**2 + 20*g + 2. Let y be q(-12). Let s = 289 + y. Calculate the remainder when c(9) is divided by s.
50
What is the remainder when 5730 is divided by 6/(-12) + (564/30)/((-16)/(-100))?
114
Suppose -c + 2*c - 111 = 0. Let l(x) = 2*x**2 - 180*x - 530. Calculate the remainder when c is divided by l(-3).
27
Suppose -23 = 6*y - 59. Suppose 0*p + y*p - 252 = 0. Suppose -4*s + 22 = -p. What is the remainder when 77 is divided by s?
13
Let s(v) = 2*v**2 + 3*v + 2. Suppose 0 = -8*z + 841 + 1223. Suppose 2*o = -18*n + 14*n + z, -3*o = n - 72. Calculate the remainder when n is divided by s(-4).
19
Suppose -3*v - p + 3*p = -854, -4*v + 4*p = -1136. Calculate the remainder when v is divided by 26.
0
Let y(o) = o**3 - 72*o**2 + 433*o - 244. Calculate the remainder when y(67) is divided by 51.
49
Suppose 303*w - 300*w = u + 156, 4*u + 84 = 2*w. Calculate the remainder when 128 is divided by w.
20
Let v = -11 + 11. Suppose 4*s + 4*z = 92, v*z = -5*s - 2*z + 121. Suppose 26*o - s*o - 116 = 0. Calculate the remainder when o is divided by 12.
8
Let f(h) = 63*h**2 - 29*h + 17. What is the remainder when 1578 is divided by f(1)?
48
Let y(t) = t**2 + 59*t + 330. What is the remainder when 885 is divided by y(-53)?
9
What is the remainder when 5286 is divided by 26 + -24 + -6 - (2 - -61)/(-3)?
16
What is the remainder when (16/(-6))/((-31644)/15714 - -2) is divided by 94?
6
Let k = -115 - -112. What is the remainder when 151 is divided by ((-9)/(-6 - k))/(3/17)?
15
Suppose 2*s = 5*m - 195, m - 24 = -4*s + 15. Let b = 246 - 236. What is the remainder when m is divided by b?
9
Let t(j) = -j**2 + 444*j + 3197. What is the remainder when 435 is divided by t(-7)?
35
Let f(m) = -m**2 + 85*m - 89. What is the remainder when f(80) is divided by 119?
73
Suppose -m - 6 = -4*j, -2*m - 5 + 9 = 0. Let b be j/(-21)*3 + 306/42. What is the remainder when (b/2)/((-1)/(-2)) is divided by 3?
1
Let d = 394 + 2086. What is the remainder when d is divided by 36?
32
Suppose -4*y - 21258 = -7*t, 6086 = 2*t - 15*y + 20*y. What is the remainder when t is divided by 21?
14
Let y(k) = -4*k**3 + 38*k**2 - 12*k - 11. Let t(i) = -i**3 + 5*i**2 + 17*i - 57. Let w be t(6). Calculate the remainder when y(w) is divided by 16.
11
Suppose 60 = 182*j - 178*j. Suppose -1243 = -5*i + 4*h, 5*h + j - 30 = 0. What is the remainder when i is divided by 11?
9
Let t be (-1*(-1)/(-2))/(4/168). Let v = 38 + t. Suppose 18 = 4*u - 2*u. Calculate the remainder when v is divided by u.
8
Let d(o) = -256*o - 759. What is the remainder when 37 is divided by d(-3)?
1
Suppose -d - 72 = 5*d. Let w be (-8)/d - 1/(3/(-40)). What is the remainder when 43 is divided by ((-96)/(-56))/(2/w)?
7
Let k(h) = 21*h + 978. What is the remainder when 4264 is divided by k(-44)?
52
Suppose 5*b + 17 = -l, 4*l = 2*b + 23 - 3. Suppose 0 = -9*w + 10*w - 5*r - 265, -l*w - 3*r = -741. What is the remainder when w is divided by 63?
61
Suppose -2*j + 3*x = -6*j + 22, 0 = -4*j + 4*x + 8. Let g be (-5)/((-225)/55 + j). Suppose -6*q - g = -235. What is the remainder when 58 is divided by q?
28
Let b(m) = m**2 - 2. Let t be (-2 - -4)/((-2)/4). Let x = -99739 + 99848. Calculate the remainder when x is divided by b(t).
11
Let s = -3642 + 4254. Calculate the remainder when s is divided by 15.
12
Suppose -40 = 3*s - 6*s - 2*j, j + 4 = 0. Let q = 26 - s. Suppose -64*k - 4404 = -6004. What is the remainder when k is divided by q?
5
Suppose 0 = -24*x + 28*x - 472. Let h = 52 + -13. Suppose -h*k = -36*k - 120. What is the remainder when x is divided by k?
38
Let a be 66/(-8) - (-4)/16. Let x be (-273)/(-12) - (-6)/a. Suppose -2*u = -o, 3*o - x = -u - 4*u. What is the remainder when 8 is divided by u?
0
Suppose -3*v + 34 = 4*g, 5*g - v - 4*v - 60 = 0. Suppose 0 = -5435*f + 5431*f - x + 23, 39 = 2*f - 5*x. Calculate the remainder when g is divided by f.
3
Let a = 4767 - 4717. What is the remainder when 559 is divided by a?
9
What is the remainder when 1896 is divided by (3/(-18) - 2)/((100/24)/(-25))?
11
Let r(d) = 8*d**3 + 22*d**2 - 59*d - 38. Let q(i) = 3*i**3 + 7*i**2 - 20*i - 13. Let v(w) = -11*q(w) + 4*r(w). What is the remainder when v(8) is divided by 10?
5
Let r be (-39)/(-5) + 14/70. What is the remainder when 64 is divided by 0 + (-8 - (r + -3))*-1?
12
Let j = 1962 - 1949. Calculate the remainder when 3520 is divided by j.
10
Suppose -1 = -z + 2*u, -2*z + u + 5 = -4*u. Let i = -27 + 39. What is the remainder when 50/(-10)*(-2)/z - -72 is divided by i?
10
Let n = -175 + 177. Calculate the remainder when ((-1022)/35)/(n + 12/(-5)) is divided by 4.
1
Let v = -2875 - -3714. Calculate the remainder when v is divided by 107.
90
Let z = 6558 - 5302. Calculate the remainder when 3788 is divided by z.
20
Let x = 154 + -134. Calculate the remainder when (-5)/(-35) - (-496)/7 is divided by x.
11
Suppose 0*y + 3 = 3*y. Let l(q) = -q**3 + 14*q**2 + 46*q + 90. Calculate the remainder when (-20)/8*(y - 5) is divided by l(17).
0
Suppose 0 = -30*p - 2401 - 1229. Let m = p - -170. Calculate the remainder when m is divided by (-88)/(-5) + 2/5.
13
Calculate the remainder when 95 is divided by (-2585)/(-220)*(6/2 - -1).
1
Let q(c) = c**3 + 9*c**2 + 7*c + 1. Let p be q(-8). Suppose -59*d + 62*d = p. Calculate the remainder when 48 is divided by d.
0
Let y be 6/8*(-580)/(-15). Suppose 3*n = p - 13, -3*p + 81 - y = 4*n. Calculate the remainder when p is divided by 6.
4
Let z(a) = -a**2 - 4*a + 21. Let n be z(-7). Suppose d + 2*d - 21 = n. Calculate the remainder when 62 - (-66)/(-77)*d/2 is divided by 15.
14
Let z(d) = 2*d**3 - 57*d**2 + 31*d + 24. What is the remainder when 452 is divided by z(28)?
20
Let s(q) = 5*q**2 - q + 2. Let z(h) = 11*h - 20. Let n(p) = -p**3 - 3*p**2 + 4*p + 7. Let c be n(-4). Calculate the remainder when z(c) is divided by s(2).
17
Let j(w) = -w**2 + 62*w - 884. What is the remainder when 123 is divided by j(37)?
0
Suppose -3*j - 5*t + 67 = 0, -21*j = -24*j + 3*t + 51. What is the remainder when 347 is divided by j?
5
Let z(d) = 3*d**2 + 132*d + 1221. Calculate the remainder when 54